by q?
9
Let u(p) = p**3 + 70. Let v(c) = -c**3 + 1. Let x be v(1). Calculate the remainder when u(x) is divided by 18.
16
Calculate the remainder when (2/(-8))/((-4)/656) is divided by ((-2)/4)/((-1)/42).
20
Let k = 23 - 13. Suppose 21 = 3*b + 3*y - 30, b - 18 = -2*y. Calculate the remainder when b is divided by k.
6
Let y = 59 - 58. Suppose 4*t + 7 = -3*l, 5*t - l - l = -26. Let g = -1 - t. Calculate the remainder when g is divided by y.
0
Suppose -w = -2*i + 180, 0*i - 2*w - 176 = -2*i. Let v = i - 74. Calculate the remainder when 64 is divided by v.
10
Suppose 20*o - 96 = 64. What is the remainder when o is divided by 4?
0
Let i be (342/24)/((-9)/(-120)). Suppose -3*n - 5*m + 196 = -0*m, 0 = 3*n + 2*m - i. What is the remainder when n is divided by 13?
10
Suppose 0 = -5*a - 2*p + 16 + 57, a - 3*p - 18 = 0. Let u = 310 + -254. What is the remainder when u is divided by a?
11
Calculate the remainder when 15/12 - 3213/(-28) is divided by 46.
24
Let b(a) = -20*a - 57. Let q be 6/9 + 64/3. Suppose 0 = j + 2*p - q, -3*j - j + 102 = p. Calculate the remainder when b(-8) is divided by j.
25
Suppose i + 5*i = 18. Suppose -8*c + 6*c = -56. Let w = c + -21. Calculate the remainder when w is divided by i.
1
Suppose -4*k = -5*n + 224, 0 = -4*k + 2*k - 2. Calculate the remainder when 147 is divided by n.
15
Let b = -35 - -40. Suppose 4*h - b*a = 25, 3*a + 2 = a. What is the remainder when 9 is divided by h?
4
Let y = 4735 - 4711. Calculate the remainder when 2/5 - (-463)/5 is divided by y.
21
Let g(i) = -i - 4. Let a be g(-8). Suppose a*v + 7 - 55 = 0. Calculate the remainder when 32 is divided by v.
8
Calculate the remainder when (-3933)/(-18) - (-4)/8 is divided by 20.
19
Let b be (13 - 14)*(-6)/2. What is the remainder when 3 is divided by b*-1*(3 + (-30)/9)?
0
Let b(n) = 3*n - 92. Let p be b(0). Let r = -45 - p. What is the remainder when r is divided by 7?
5
Suppose -3*o - 2*o + 45 = -3*a, -5*o + 45 = a. What is the remainder when 37 is divided by (0 - (-4)/3) + 114/o?
9
Let d(p) = 16*p - 1134. Suppose -2 = -4*f + 2. What is the remainder when d(71) is divided by f?
0
Let z be ((-1)/1)/(3/(-153)). Suppose 3*o + 2*y = 37, -2*o - 2*o - 3*y = -z. Let w = 12 - o. What is the remainder when w is divided by 1?
0
Suppose -5*m - 7*m = 2*m. What is the remainder when 57 is divided by 2 - (3 + m + -13 - 3)?
12
Suppose 0 = -265*j + 269*j - 2*w - 704, j - w - 177 = 0. Calculate the remainder when j is divided by 27.
13
Let d(o) = 7*o**2 + 50*o - 34. Let w(b) = b**3 - 2*b**2 - 3*b - 5 + 0*b**3 + 0. Calculate the remainder when w(5) is divided by d(-8).
13
Suppose 0 = -5*t, t + 58 = 2*x - 24. Calculate the remainder when x is divided by 28.
13
Suppose 84*k - 183 = 9057. Calculate the remainder when 319 is divided by k.
99
Suppose c - 9 = -0*c. Suppose 183 = o - 4*o. Let j = -47 - o. Calculate the remainder when j is divided by c.
5
Let w = 12 - 11. Let l(r) = 6*r**3 - 5*r**3 + 5*r + w - 2*r**2 - 4*r. What is the remainder when l(3) is divided by 5?
3
Suppose -2*z + 89 + 35 = 0. Calculate the remainder when z is divided by -10 + 22 - 9 - (0 - 10).
10
Let v be ((-3)/6)/(1/14). Let n(p) = -p + 6. What is the remainder when 49 is divided by n(v)?
10
Suppose -9*d + 2 = -8*d. Let x(s) = 5*s + 2*s + d*s**2 - 5*s + 3*s + 7. Calculate the remainder when x(-7) is divided by 24.
22
Suppose k - 20 = 5*d - 10*d, 0 = 4*d + k - 16. Let h = 32 - 29. Suppose -d*s + 2 = -6*f + 4*f, 5*f - h*s = 2. What is the remainder when f is divided by 1?
0
Let o = 769 - 423. Calculate the remainder when o is divided by 50.
46
Suppose 0*q - 3*q = 2*i - 45, i = 2*q - 37. Calculate the remainder when 59*1 - (-6 + 4) is divided by q.
10
Let i(n) = 17*n + 332. Calculate the remainder when i(-15) is divided by 14.
7
Suppose 5*x + 1 = 246. Calculate the remainder when x is divided by 121/7 + (-36)/28 + 1.
15
Let i be -2 + -1 + 1 - -2*2. Calculate the remainder when 78 is divided by 2/i - (21 - 47).
24
Suppose -c - 2784 + 964 = -5*q, 4*q = 4*c + 1456. Calculate the remainder when q is divided by 37.
31
Suppose 5 = 2*c - 7. Let r(n) = -3*n**3 + 3*n**2 + 3*n - 10. Calculate the remainder when r(-2) is divided by c.
2
Let v(l) = -l**2 - 5*l + 1. Let b be v(-4). Suppose -8 = -o - b. What is the remainder when o is divided by (-1)/((-1)/2*1)?
1
Let z = 1584 - 1525. What is the remainder when z is divided by 15?
14
Let m(h) = 3*h + 36. Suppose -5*j - 4*r + 31 = 11, 5*j = -5*r + 25. Let x be m(j). Let t = x + -3. What is the remainder when 63 is divided by t?
30
Let m(l) = 22*l**3 - 2*l**2 + 9*l - 1. Calculate the remainder when m(2) is divided by 94.
91
Let x = 10 - 20. Let r = 115 - 115. Let t = r - x. What is the remainder when t is divided by 3?
1
Suppose r = -d + 48, 4*d - 3*r - 177 = 15. Calculate the remainder when 1*((-10)/(-5) + d) is divided by 26.
24
Let h(w) = 4*w**3 - w**2 + 4*w - 4. What is the remainder when 208 is divided by h(2)?
16
Let l(i) = 2*i - 6. Calculate the remainder when 31 is divided by l(11).
15
Suppose -o + 2*a = -39, 2*o + a = 3*a + 68. What is the remainder when 105 is divided by o?
18
Suppose -2*h - 416 = 6*h. Let y = h - -57. What is the remainder when 7 is divided by y?
2
Let v = 28 - -34. Let p = 73 - v. Calculate the remainder when 54 is divided by p.
10
Let o(l) = 12*l**2 + 9*l + 31. What is the remainder when o(6) is divided by 26?
23
Let y(q) be the third derivative of q**4/6 - 25*q**3/6 + 13*q**2. Calculate the remainder when 103 is divided by y(15).
33
Let p(a) = -13*a + 1439. Let l = 65 + -22. Calculate the remainder when l is divided by p(110).
7
Suppose 5*b = 38 + 17. Let z = -8 - -13. Suppose 5*s = -w + 2*w + 150, 135 = z*s - 4*w. What is the remainder when s is divided by b?
9
Suppose 2*b + 5*j = 1604, -b + 5*b - j = 3252. Calculate the remainder when b is divided by 22.
20
Let i(d) = -276*d - 549. Let r(u) = u + 1. Suppose 5*c + 4*l = l + 24, 0 = c - 4*l + 9. Calculate the remainder when r(c) is divided by i(-2).
1
Let k(q) = 96*q**3 - 2*q**2 + 3*q - 2. Let c be k(1). Suppose -72 = -c*i + 91*i. Calculate the remainder when i is divided by 4.
2
Let c = -71 + 131. Suppose o = 3, 17 = 2*a + o - c. Suppose -i + 23 = -5*n, 3*i = -n + 2 + 35. What is the remainder when a is divided by i?
11
Suppose n + 2 = 1, -5*u + 29 = -4*n. Suppose u*h - 245 = -3*p, -3*p = -2*p - 3*h - 77. Calculate the remainder when p is divided by 42.
38
Let t(n) = -n**2 - 6*n + 8. Let p be t(-6). Suppose -3*s + 5 = -2*b - p*s, -10 = 2*s. What is the remainder when 38 is divided by b?
8
Let v = -938 - -942. Calculate the remainder when 35 is divided by v.
3
Suppose -20*t + 76 = -16*t. Suppose -6*c + 23 = -t. Calculate the remainder when 26 is divided by c.
5
Let y = -38 + 41. Let g be ((-1)/y)/((-3)/(-225)). Let o = g - -38. What is the remainder when o is divided by 4?
1
Let q = -19 + 40. Let o = -1053 - -1065. What is the remainder when q is divided by o?
9
Let m be 165/10*16/6. Let u = -21 + m. Suppose -r + o + 29 = 5*o, 4 = o. Calculate the remainder when u is divided by r.
10
Suppose 0 = 2*o + o + 2*k + 8, 0 = 2*o + 4*k. Let g be 2/o + 33/6. Suppose y + 32 = g*y. What is the remainder when y is divided by 5?
3
Suppose 5*d - 35 = -5*p, 5*d - 8 = 3*p + p. Suppose -d*g + 327 = -65. Calculate the remainder when g is divided by 33.
32
Let b(m) = -3*m**2 - 289*m + 203. Calculate the remainder when (-273)/(-4) - (-2)/(-8) is divided by b(-97).
5
Suppose s - 353 = 198. Suppose -5*w = -0*m + 5*m - 885, -w - s = -3*m. Calculate the remainder when m is divided by 23.
21
Let v be (-1)/2 + (-11)/(-2). Let j = v - -5. Let r = 1227 - 1223. Calculate the remainder when j is divided by r.
2
Let y(n) = -2*n. Let q be y(-3). Suppose 4*b = 4, -7*l + 2*b = -3*l + 1634. Calculate the remainder when 48 is divided by q/4*l/(-36).
14
Let x = 128 + -125. Calculate the remainder when 30 is divided by x.
0
Let c(w) = w + 2. Let r be c(-6). Let t(q) = q + 2. Let z be t(r). What is the remainder when 13 is divided by (6/z)/((-3)/8)?
5
Let h = 245 - 233. Calculate the remainder when 103 is divided by h.
7
What is the remainder when 41 is divided by (-31)/((-1705)/780) - (-2)/(-11)?
13
Let n = 21 - 16. Let g be (n/15)/((-2)/(-306)). Suppose -2*y - 3*w + g = 0, 0 = -4*y - 2*w + 71 + 11. What is the remainder when 69 